rs of 4195?
5, 839
List the prime factors of 33447.
3, 11149
What are the prime factors of 33556?
2, 8389
What are the prime factors of 183?
3, 61
What are the prime factors of 5851?
5851
What are the prime factors of 25384?
2, 19, 167
What are the prime factors of 3039?
3, 1013
List the prime factors of 8281.
7, 13
List the prime factors of 2303.
7, 47
List the prime factors of 134674.
2, 17, 233
What are the prime factors of 126307?
126307
What are the prime factors of 97353?
3, 29, 373
What are the prime factors of 11855?
5, 2371
What are the prime factors of 1733?
1733
What are the prime factors of 52209?
3, 5801
List the prime factors of 18513.
3, 11, 17
What are the prime factors of 1216?
2, 19
List the prime factors of 5137.
11, 467
What are the prime factors of 407?
11, 37
What are the prime factors of 541?
541
List the prime factors of 10131.
3, 11, 307
List the prime factors of 56684.
2, 37, 383
List the prime factors of 4683.
3, 7, 223
What are the prime factors of 2468?
2, 617
List the prime factors of 981.
3, 109
List the prime factors of 48923.
7, 29, 241
List the prime factors of 7687.
7687
List the prime factors of 48534.
2, 3, 8089
List the prime factors of 2691.
3, 13, 23
What are the prime factors of 945?
3, 5, 7
List the prime factors of 2055.
3, 5, 137
List the prime factors of 601.
601
What are the prime factors of 7507?
7507
What are the prime factors of 345?
3, 5, 23
List the prime factors of 2093.
7, 13, 23
List the prime factors of 1099.
7, 157
List the prime factors of 3271.
3271
List the prime factors of 70369.
13, 5413
List the prime factors of 8855.
5, 7, 11, 23
List the prime factors of 83202.
2, 3, 7, 283
List the prime factors of 98670.
2, 3, 5, 11, 13, 23
List the prime factors of 1214.
2, 607
List the prime factors of 4523.
4523
What are the prime factors of 51336?
2, 3, 23, 31
What are the prime factors of 128807?
7, 18401
What are the prime factors of 9222?
2, 3, 29, 53
List the prime factors of 3580.
2, 5, 179
What are the prime factors of 2061?
3, 229
What are the prime factors of 25016?
2, 53, 59
What are the prime factors of 7840?
2, 5, 7
List the prime factors of 139474.
2, 69737
What are the prime factors of 2154?
2, 3, 359
List the prime factors of 1986.
2, 3, 331
What are the prime factors of 1091?
1091
What are the prime factors of 15221?
31, 491
List the prime factors of 54525.
3, 5, 727
List the prime factors of 4867.
31, 157
List the prime factors of 1244.
2, 311
List the prime factors of 17712.
2, 3, 41
What are the prime factors of 2851?
2851
List the prime factors of 56429.
73, 773
List the prime factors of 2962.
2, 1481
List the prime factors of 143487.
3, 107, 149
What are the prime factors of 44253?
3, 11, 149
What are the prime factors of 1386?
2, 3, 7, 11
List the prime factors of 30287.
31, 977
List the prime factors of 11526.
2, 3, 17, 113
What are the prime factors of 105911?
13, 8147
What are the prime factors of 4088?
2, 7, 73
List the prime factors of 945.
3, 5, 7
List the prime factors of 583.
11, 53
What are the prime factors of 1665?
3, 5, 37
List the prime factors of 11734.
2, 5867
What are the prime factors of 20823?
3, 11, 631
What are the prime factors of 1613?
1613
What are the prime factors of 9942?
2, 3, 1657
List the prime factors of 25.
5
List the prime factors of 12767.
17, 751
List the prime factors of 100804.
2, 11, 29, 79
List the prime factors of 1625.
5, 13
List the prime factors of 8196.
2, 3, 683
List the prime factors of 17124.
2, 3, 1427
List the prime factors of 709.
709
List the prime factors of 10410.
2, 3, 5, 347
What are the prime factors of 137739?
3, 7, 937
List the prime factors of 856.
2, 107
List the prime factors of 30449.
30449
List the prime factors of 23989.
7, 23, 149
List the prime factors of 24188.
2, 6047
What are the prime factors of 7475?
5, 13, 23
List the prime factors of 455.
5, 7, 13
List the prime factors of 199798.
2, 283, 353
List the prime factors of 27096.
2, 3, 1129
What are the prime factors of 884?
2, 13, 17
What are the prime factors of 2634?
2, 3, 439
List the prime factors of 28992.
2, 3, 151
What are the prime factors of 19185?
3, 5, 1279
What are the prime factors of 21387?
3, 7129
What are the prime factors of 28344?
2, 3, 1181
What are the prime factors of 1586?
2, 13, 61
What are the prime factors of 26441?
137, 193
List the prime factors of 1758.
2, 3, 293
What are the prime factors of 66718?
2, 33359
What are the prime factors of 44389?
44389
What are the prime factors of 20?
2, 5
List the prime factors of 7669.
7669
List the prime factors of 675.
3, 5
List the prime factors of 17101.
7, 349
List the prime factors of 16285.
5, 3257
List the prime factors of 55173.
3, 53, 347
What are the prime factors of 1008?
2, 3, 7
What are the prime factors of 2670?
2, 3, 5, 89
List the prime factors of 22177.
67, 331
What are the prime factors of 3957?
3, 1319
List the prime factors of 45447.
3, 15149
List the prime factors of 4226.
2, 2113
What are the prime factors of 2464?
2, 7, 11
What are the prime factors of 1959?
3, 653
What are the prime factors of 753?
3, 251
What are the prime factors of 6834?
2, 3, 17, 67
List the prime factors of 10886.
2, 5443
List the prime factors of 33856.
2, 23
What are the prime factors of 9245?
5, 43
What are the prime factors of 425?
5, 17
What are the prime factors of 420?
2, 3, 5, 7
List the prime factors of 8519.
7, 1217
List the prime factors of 7042.
2, 7, 503
What are the prime factors of 8088?
2, 3, 337
List the prime factors of 223.
223
What are the prime factors of 3078?
2, 3, 19
List the prime factors of 39460.
2, 5, 1973
List the prime factors of 21022.
2, 23, 457
What are the prime factors of 15628?
2, 3907
What are the prime factors of 2256?
2, 3, 47
List the prime factors of 2105.
5, 421
What are the prime factors of 3040?
2, 5, 19
List the prime factors of 13192.
2, 17, 97
What are the prime factors of 14509?
11, 1319
List the prime factors of 1236.
2, 3, 103
What are the prime factors of 384?
2, 3
List the prime factors of 31354.
2, 61, 257
List the prime factors of 55935.
3, 5, 11, 113
List the prime factors of 32188.
2, 13, 619
What are the prime factors of 1058?
2, 23
What are the prime factors of 51167?
19, 2693
What are the prime factors of 2058?
2, 3, 7
List the prime factors of 3511.
3511
What are the prime factors of 65640?
2, 3, 5, 547
What are the prime factors of 1199?
11, 109
What are the prime factors of 27388?
2, 41, 167
What are the prime factors of 104535?
3, 5, 23, 101
List the prime factors of 1127.
7, 23
What are the prime factors of 2608?
2, 163
What are the prime factors of 6718?
2, 3359
What are the prime factors of 4383?
3, 487
List the prime factors of 16.
2
What are the prime factors of 5128?
2, 641
List the prime factors of 8134.
2, 7, 83
List the prime factors of 29264.
2, 31, 59
What are the prime factors of 1023?
3, 11, 31
List the prime factors of 281.
281
List the prime factors of 1236.
2, 3, 103
List the prime factors of 2813.
29, 97
List the prime factors of 31272.
2, 3, 1303
List the prime factors of 1250.
2, 5
List the prime factors of 72431.
72431
What are the prime factors of 2006?
2, 17, 59
What are the prime factors of 899?
29, 31
What are the prime factors of 995?
5, 199
List the prime factors of 1146.
2, 3, 191
List the prime factors of 448.
2, 7
What are the prime factors of 1724?
2, 431
What are the prime factors of 10444?
2, 7, 373
List the prime factors of 853.
853
List the prime factors of 105951.
3, 35317
What are the prime factors of 5561?
67, 83
List the prime factors of 4407.
3, 13, 113
What are the prime factors of 9586?
2, 4793
What are the prime factors of 18386?
2, 29, 317
List the prime factors of 1790.
2, 5, 179
List the prime factors of 36870.
2, 3, 5, 1229
What are the prime factors of 1003?
17, 59
What are the prime factors of 14890?
2, 5, 1489
What are the prime factors of 103074?
2, 3, 41, 419
What are the prime factors of 5941?
13, 457
List the prime factors of 3805.
5, 761
List the prime factors of 6536.
2, 19, 43
List the prime factors of 645.
3, 5, 43
What are the prime factors of 1658?
2, 829
What are the prime factors of 375?
3, 5
List the prime factors of 22419.
3, 47, 53
List the prime factors of 13400.
2,